
Evaluate 5 - (-5 + (3 - 4) - (1 - 9)).
3
Calculate 12 + -14 - (-7 + -5 + 20 - 25).
15
Calculate (-1 - ((-3 - 1) + 2)) + 11.
12
Evaluate (-77 - (-59 - -27)) + 22.
-23
Evaluate -2 - 14 - ((-21 - -57) + -27).
-25
What is (22 - (4 + -4 - -8)) + -8 + -3?
3
What is 25 + -3 + (19 - 14) - 12?
15
Calculate 2 + -43 + 204 + -186.
-23
Evaluate -15 + (9 - 7 - -4 - -5).
-4
What is 4 + 1 + (-11 - -12) - (6 - 36)?
36
What is the value of -6 + -1 - ((-15 - -11) + -3) - 15?
-15
What is -6 + -10 + 9 + 5 + -12?
-14
What is the value of (-21 - (-5 + -21)) + 5 + 2 + -3?
9
Evaluate (-7 - (-6 + 7 - (0 + 7))) + -4.
-5
What is 2 + -14 - (-15 + 2 + (-47 - -40))?
8
What is (-128 - -144) + 3 + -25?
-6
-4 + 15 - (16 + -10) - 10
-5
What is the value of (3 - 0 - -1) + -27 + (16 - -16)?
9
Calculate (-10 - (-4 - -1)) + (-7 - (-2 - 1)).
-11
Evaluate 9 - (-12 - (-2 - 3) - (5 + -3)).
18
-1 + -1 + 9 + 16 + (-8 - 3)
12
Evaluate -10 - -35 - (-9 + 23).
11
Calculate -12 - (-15 - (5 - 4)).
4
3 - (-6 + 25 + -12 + 2 + -4)
-2
-1 + -1 + (-10 - -6 - 4)
-10
Evaluate 1 - 2 - (24 + (8 - 28)) - -1.
-4
What is 12 + (2 - (-15 - ((9 - 13) + -5)))?
20
(-3 - -1) + 24 + 26 + -54
-6
What is the value of (8 - (11 + -21 - -7)) + -33?
-22
What is the value of (-1362 - -1358) + (10 - -1 - (-1 - 1))?
9
What is (7 - -8 - 18) + 3?
0
Evaluate 7 + (-5 - -10) - 10 - (14 + -1).
-11
-18 + -6 + (-7 - (12 + -31))
-12
Evaluate -1 + 5 + (-4 - (-6 - 2)) + -7.
1
What is 59 + (37 - 46 - 28)?
22
(-5 - 3) + -4 + 7
-5
Calculate 5 + 12 + -22 + (14 - 4).
5
What is 64 + (-61 + -5 - -30)?
28
8 - -8 - (-20 + (2 - -28))
6
Evaluate (-27 - 7) + 246 + -200.
12
What is -7 + (4 - 0) + (-4 - (2 + 0))?
-9
What is -25 + 13 - -2 - 0?
-10
What is the value of -30 + (27 - -23) + 6?
26
What is -31 - (-15 - -28) - -24?
-20
What is the value of -11 - -2 - -1 - (-6 + -24 + 5)?
17
Calculate -5 + (2 - ((-3 - -4) + -4) - 6).
-6
What is 43 + -77 + (-2 - -9) + 1 + 0?
-26
What is the value of -5 - (3 + -5 + 0) - (53 + -44)?
-12
What is the value of 12 + -30 + 22 - -12?
16
What is 15 + 1 - (397 - 391)?
10
Calculate -1 + (-28 - (-39 - -3)).
7
-16 + 16 + (1 - 18) + -35 + 42
-10
17 - (-12 + 23) - 23
-17
What is 6 - (11 - (9 + -1 - -2))?
5
Calculate (12 - 9 - 4) + (0 - 0) - 5.
-6
57 + -60 - (-1 - 1 - -6 - 9)
2
What is the value of (39 - 14) + -29 + -20?
-24
Evaluate 10 - (2 + (3 - 1)).
6
-3 + -12 + 8 + (1 + -2 - -2)
-6
-5 + -2 + 0 + -1 + (-4 - -13)
1
What is the value of (5 - (11 + -4)) + -10?
-12
(-23 - -46 - 16) + 0 + -15
-8
20 - (27 - (-21 + 26))
-2
Calculate 0 + -1 - (18 + -78 + 73).
-14
What is the value of -26 + (3 - (-195 - -207 - (-1 - -12)))?
-24
Calculate (-3 + -32 + 15 - -12) + -4 + 0.
-12
24 - (-6 + 26) - 18
-14
What is the value of 0 + 1 - (-3 - (-6 - -2))?
0
What is (4 - (-12 + 19)) + 9?
6
Calculate 4 + 6 + -6 + (-9 - -6) + -14.
-13
3 - (13 + -19 + (-8 - 1))
18
Evaluate -14 + 0 + 16 + -18 - -5.
-11
(-5 + 7 - 3) + 17 + (-7 - -3)
12
Evaluate (1037 - 1057) + (-1 - -10).
-11
Evaluate (-7 - (14 + -13)) + (15 - (-1 - 0)).
8
What is -1 - 1 - (22 - (0 + 28)) - 5?
-1
151 + -146 - (0 - (2 + -4))
3
Calculate -9 + (7 + -14 - 8).
-24
What is 1 - (2 + -4 - -1 - 3)?
5
Evaluate (3 - 3) + 13 + (4 - 6) + 4.
15
What is -15 - (-12 - -3) - (-2 - 1)?
-3
Calculate -17 + 11 + 2 + 11 + -3.
4
-7 + 1 - (0 - -3 - 6 - 7)
4
0 + -17 + (-14 - -40) + 8
17
(47 + -62 - (-5 + -22)) + (-13 - 1)
-2
-2 + 2 + -3 + (-13 - -11) - 2
-7
31 + (-7 - 2) - (-3 + 4 - -4)
17
Calculate (-17 - 0) + 0 + -1 + (2 - -2).
-14
3 + (-13 - (-2 - (7 - 11)))
-12
Evaluate 32 - (-3 + -13 + 35).
13
What is -15 + -1 - (-266 + 268)?
-18
Evaluate (57 - 8 - 14) + -7.
28
Calculate -14 - (-9 - (7 - -11)).
13
Evaluate 13 + 4 + -30 - -44 - 7.
24
-7 + 0 + 36 + -26 - (16 + -2)
-11
Evaluate 29 - (-3 - (-16 - 7)).
9
What is the value of -1 + 1 + 3 + -3 + 329 + -319?
10
What is -13 + 18 - (7 - 12)?
10
Calculate -1 - (-194 - -185 - (-41 + 4 + -2)).
-31
Evaluate (13 - 29) + 1 + (1 - 10).
-24
What is 2 - (2 + 21 + 16 + -9)?
-28
Evaluate 10 + (14 + -6 - 2).
16
Evaluate (-16 - -10 - 6) + 0.
-12
What is (4 - (-2 + -3 + 8)) + -4?
-3
Calculate -35 - (6 - 13 - 4) - (2 + -4).
-22
(-2 + 2 - 6) + 16 + (13 - 7)
16
(3 + -8 + -14 - 1) + 5
-15
Calculate (-12 - (-4 - -8)) + (5 - 3).
-14
-10 - (-17 + 11 + -2 + -4)
2
Calculate (-9 - -16) + -6 - 17.
-16
Calculate -15 + 2 - (17 - (0 + 27)).
-3
(-8 - (-2 + 3 + -1)) + 36 - -6
34
9 - (6 - (-3 + 10 + -6 + -4))
0
What is the value of 3 + (33 - 10 - 13 - (3 + 35))?
-25
What is -6 + (9 - 5 - 5) + 6 + -3?
-4
Evaluate 16 - (-2 - -18) - (-11 + 3).
8
What is (-38 - -17) + 0 + 22?
1
Evaluate 7 - ((-3 - (-8 - -1)) + 5 + -2).
0
Evaluate (-4 - 1) + -22 + 7 + -4 + 14.
-10
What is -21 + (21 - (45 + -14))?
-31
What is the value of (1 - (-23 + 7)) + -43?
-26
Evaluate -505 + 518 + 1 + -19 + 2 + 22.
19
What is the value of -28 + 13 + -7 + -5 + 15?
-12
What is -25 - ((-21 - -3) + 3)?
-10
What is the value of -192 + 197 - (0 - -5)?
0
Evaluate (0 - 1) + (264 - 260).
3
Evaluate (-10 - (-1 - -6)) + 4 + 13.
2
What is the value of 9 + (-21 - (-17 + 0))?
5
What is 30 - (14 - (-21 + 14))?
9
Evaluate -13 - (9 - 13) - (10 + -22) - 42.
-39
What is the value of -847 + 822 + (21 - 2)?
-6
What is the value of (14 - 6) + (-3 - -2 - -1) + 2?
10
Calculate 3 - (0 - -7 - 1 - 7).
4
What is 6 - (11 + -11 + 10) - (5 - 1)?
-8
Calculate 68 - 83 - (0 - 7).
-8
Evaluate (-12 - (8 + -16)) + -14 + (30 - -8).
20
What is 6 + 5 + 2 + 0 + -11?
2
Calculate -34 + 18 - (-9 - 1).
-6
Calculate 343 - 340 - (-2 - (-2 - -22) - -2).
23
Calculate (-5 + 0 - -48) + -65.
-22
What is 1 + -1 - (-1 - 0) - (108 + -97)?
-10
Calculate -271 - -242 - (-60 + -3).
34
Evaluate -8 + -3 + 2 + 9 - 7.
-7
(54 - 59) + 2 + (0 - (1 - -9))
-13
-2 + (-44 - -42 - (-7 - 1) - 2)
2
Calculate 798 - 787 - (2 - -25).
-16
Calculate 58 + -58 + 3 + 6 + -16.
-7
-9 - (1 + -12 + -9)
11
What is (-4 - 14) + (-15 - -13)?
-20
What is the value of -37 + 77 + -49 + -3 + 1?
-11
Evaluate -30 - (-58 + 19 - -20).
-11
(-11 - -5) + (4 - (1 + -4 - -11))
-10
Calculate ((-6 - -4) + 8 - -5) + 26 + -18.
19
Calculate 50 - (1 + -2) - (-3 + 18).
36
-3 + -1 - -9 - 13
-8
9 + -1 - (6 + -7 - (33 - 20))
22
Evaluate (4 - (-5 - (-8 + 13))) + 5.
19
Evaluate (-2 - -3) + 1 + -2 + -3 + -4.
-7
What is the value of (0 - -31) + -513 + 492?
10
What is the value of -19 - -28 - (-27 - -26 - (19 + -1))?
28
Evaluate 7 + 0 + (-11 - (-13 - -3)) + -14.
-8
(-5 - -2 - (2 - 9)) + (12 - 23)
-7
Evaluate (16 - ((28 - 34) + (-4 - 0))) + -7.
19
(3 - (2 - 5)) + 0 + (-9 - -12)
9
What is the value of -1 - (3 - 14 - (39 + -49))?
0
Calculate 3 - (4 - 2 - (-8 + 6)) - 3.
-4
What is -43 + 14 + (-7 - 4) + 7 + 0?
-33
-5 - (1 + 0 - ((-15 - -12) + -4))
-13
What is -3 + -25 + 12 + -2 + (2 - -6)?
-10
(-7 - -1) + -11 + 29 + -8
4
Evaluate -30 + -14 + 4 + 14.
-26
(2 - (-1 - -14)) + (49 - 42)
-4
What is (-22 - -10) + -16 + 5?
-23
What is the value of -5 + -2 + 8 - -4 - -13?
18
What is -2 + 6 + (-12 - -3) + 5?
0
10 + -7 + (-9 - (-12 + -12 + 6))
12
What is the value of (7 - ((-2 - 4) + 4)) + -8?
1
Evaluate 7 + (-1 - -12) + (-9 - (-3 - -2)).
10
What is the value of 3 - 25 - -5 - (-7 + -3 - -12)?
-19
Calculate 7 + -3 + 1 - (-1 - (2 - 12)).
-4
What is the value of -15 + 22 + -1 + -2 + 13?
17
What is the value of 10 + -24 + 12 + -5?
-7
What is (-15 - -60 - 43) + (1 - (1 + -16))?
18
Evaluate -8 - (-1 + 2 - (83 - 78)).
-4
Calculate (16 + -8 + -8 - 17) + -2 + 8.
-11
What is 50 - 62 - (-4 + -2)?
-6
What is the value of 24 + 14 + -23 + -27?
-12
Evaluate -6 - (-7 + 0 + -5) - (0 - -16).
-10
Calculate -8 - (-4 - (-11 + 3 + 6) - 10).
4
Calculate (6 - -2) + (16 - 13) + -19.
-8
What is the value of (11 - (-3 + (5 - 6))) + -8 + -3?
4
Calculate (-3 - -12) + -11 + 6.
4
What is 35 + -31 - (-5 - (3 + -22))?
-10
What is -1 + (35 - 47) + -2?
-15
Evaluate 5 - (-2 - 4 - -9 - (10 - 17)).
-5
Evaluate -1 - (5 - (-8 - -2 - -23)).
11
Calculate -8 + 65 + -31 + 0.
26
(-3 - -27) + -6 - 24
-6
What is the value of -52 + 62 + (3 + (-7 - -5) - 10)?
1
What is the value of -7 + -5 + (9 - 1)?
-4
Calculate (-98 - (27 - 62)) + 23.
-40
-17 - ((9 - (4 - -6)) + (-3 - 1))
-12
Calculate -15 + (6 - 0) + (-311 - -328).
8
What is the value of 3 + (-2 + -1 - ((-11 - -25) + -3))?
-11
What is 1 + -7 + -1 + -1 - -1?
-7
What is -10 + -4 + -2 + 19?
3
What is (8 - -16 - 7) + (-4 - 3)?
10
Calculate 6 + 16 